 of 2034.
2, 3, 113
What are the prime factors of 989?
23, 43
What are the prime factors of 288?
2, 3
What are the prime factors of 54530?
2, 5, 7, 19, 41
What are the prime factors of 111745?
5, 22349
List the prime factors of 4638.
2, 3, 773
List the prime factors of 106505.
5, 7, 17, 179
What are the prime factors of 94021?
167, 563
List the prime factors of 7112.
2, 7, 127
What are the prime factors of 622?
2, 311
List the prime factors of 4092.
2, 3, 11, 31
What are the prime factors of 2217?
3, 739
List the prime factors of 1433.
1433
List the prime factors of 352.
2, 11
What are the prime factors of 320?
2, 5
What are the prime factors of 360?
2, 3, 5
List the prime factors of 5109.
3, 13, 131
What are the prime factors of 54243?
3, 7, 41
List the prime factors of 1917.
3, 71
List the prime factors of 76759.
59, 1301
List the prime factors of 1821.
3, 607
List the prime factors of 991.
991
List the prime factors of 135686.
2, 67843
List the prime factors of 9791.
9791
What are the prime factors of 118002?
2, 3, 71, 277
What are the prime factors of 3390?
2, 3, 5, 113
What are the prime factors of 1340?
2, 5, 67
List the prime factors of 6327.
3, 19, 37
What are the prime factors of 3501?
3, 389
What are the prime factors of 2522?
2, 13, 97
List the prime factors of 27733.
27733
List the prime factors of 582.
2, 3, 97
List the prime factors of 40971.
3, 7, 1951
What are the prime factors of 1159?
19, 61
List the prime factors of 20624.
2, 1289
List the prime factors of 152536.
2, 23, 829
List the prime factors of 12434.
2, 6217
List the prime factors of 2580.
2, 3, 5, 43
What are the prime factors of 16771?
31, 541
List the prime factors of 438.
2, 3, 73
List the prime factors of 491.
491
What are the prime factors of 1244?
2, 311
List the prime factors of 32173.
32173
List the prime factors of 16532.
2, 4133
List the prime factors of 3291.
3, 1097
List the prime factors of 11804.
2, 13, 227
List the prime factors of 60525.
3, 5, 269
List the prime factors of 95352.
2, 3, 29, 137
What are the prime factors of 3365?
5, 673
List the prime factors of 8808.
2, 3, 367
List the prime factors of 46141.
46141
List the prime factors of 2355.
3, 5, 157
List the prime factors of 1543.
1543
List the prime factors of 155.
5, 31
List the prime factors of 68875.
5, 19, 29
What are the prime factors of 419?
419
What are the prime factors of 16370?
2, 5, 1637
What are the prime factors of 3833?
3833
What are the prime factors of 3009?
3, 17, 59
List the prime factors of 7039.
7039
List the prime factors of 1979.
1979
List the prime factors of 211.
211
What are the prime factors of 302?
2, 151
List the prime factors of 48146.
2, 7, 19, 181
What are the prime factors of 14358?
2, 3, 2393
List the prime factors of 2103.
3, 701
What are the prime factors of 6028?
2, 11, 137
What are the prime factors of 1018?
2, 509
What are the prime factors of 1714?
2, 857
What are the prime factors of 34989?
3, 107, 109
What are the prime factors of 3135?
3, 5, 11, 19
What are the prime factors of 1507?
11, 137
What are the prime factors of 1512?
2, 3, 7
List the prime factors of 154.
2, 7, 11
What are the prime factors of 2608?
2, 163
List the prime factors of 1316.
2, 7, 47
What are the prime factors of 8122?
2, 31, 131
What are the prime factors of 31157?
7, 4451
List the prime factors of 17261.
41, 421
What are the prime factors of 5218?
2, 2609
What are the prime factors of 4206?
2, 3, 701
What are the prime factors of 3499?
3499
What are the prime factors of 16913?
13, 1301
List the prime factors of 1631.
7, 233
List the prime factors of 1886.
2, 23, 41
What are the prime factors of 133?
7, 19
List the prime factors of 709.
709
List the prime factors of 4999.
4999
What are the prime factors of 2817?
3, 313
What are the prime factors of 1371?
3, 457
What are the prime factors of 7610?
2, 5, 761
What are the prime factors of 97194?
2, 3, 97, 167
What are the prime factors of 49720?
2, 5, 11, 113
List the prime factors of 660.
2, 3, 5, 11
List the prime factors of 7881.
3, 37, 71
What are the prime factors of 10864?
2, 7, 97
List the prime factors of 10461.
3, 11, 317
What are the prime factors of 37993?
37993
List the prime factors of 19295.
5, 17, 227
What are the prime factors of 1198?
2, 599
What are the prime factors of 1012?
2, 11, 23
List the prime factors of 21191.
21191
What are the prime factors of 885?
3, 5, 59
List the prime factors of 1269.
3, 47
List the prime factors of 4560.
2, 3, 5, 19
What are the prime factors of 5740?
2, 5, 7, 41
What are the prime factors of 473?
11, 43
What are the prime factors of 4867?
31, 157
List the prime factors of 7551.
3, 839
What are the prime factors of 43625?
5, 349
What are the prime factors of 82407?
3, 13, 2113
What are the prime factors of 6151?
6151
What are the prime factors of 1527?
3, 509
What are the prime factors of 2264?
2, 283
List the prime factors of 572.
2, 11, 13
What are the prime factors of 877?
877
List the prime factors of 36791.
36791
List the prime factors of 14627.
14627
List the prime factors of 9622.
2, 17, 283
List the prime factors of 14055.
3, 5, 937
List the prime factors of 20216.
2, 7, 19
List the prime factors of 20843.
19, 1097
What are the prime factors of 8517?
3, 17, 167
What are the prime factors of 94091?
37, 2543
List the prime factors of 2821.
7, 13, 31
What are the prime factors of 2846?
2, 1423
List the prime factors of 17462.
2, 8731
List the prime factors of 69.
3, 23
What are the prime factors of 772?
2, 193
What are the prime factors of 26404?
2, 7, 23, 41
List the prime factors of 3945.
3, 5, 263
What are the prime factors of 12339?
3, 457
What are the prime factors of 4293?
3, 53
What are the prime factors of 60191?
23, 2617
List the prime factors of 21791.
7, 11, 283
What are the prime factors of 1119?
3, 373
List the prime factors of 70074.
2, 3, 17, 229
What are the prime factors of 7640?
2, 5, 191
What are the prime factors of 762?
2, 3, 127
What are the prime factors of 2487?
3, 829
What are the prime factors of 6712?
2, 839
What are the prime factors of 7641?
3, 283
List the prime factors of 71547.
3, 7, 3407
List the prime factors of 12225.
3, 5, 163
List the prime factors of 2613.
3, 13, 67
What are the prime factors of 27998?
2, 13999
List the prime factors of 1103.
1103
What are the prime factors of 44167?
29, 1523
What are the prime factors of 17533?
89, 197
What are the prime factors of 5633?
43, 131
List the prime factors of 108.
2, 3
List the prime factors of 314.
2, 157
What are the prime factors of 1517?
37, 41
List the prime factors of 11938.
2, 47, 127
List the prime factors of 61386.
2, 3, 13, 787
What are the prime factors of 1321?
1321
What are the prime factors of 147201?
3, 139, 353
List the prime factors of 1009.
1009
What are the prime factors of 15847?
13, 23, 53
List the prime factors of 20687.
137, 151
What are the prime factors of 23800?
2, 5, 7, 17
List the prime factors of 104.
2, 13
What are the prime factors of 86824?
2, 10853
List the prime factors of 44515.
5, 29, 307
What are the prime factors of 230?
2, 5, 23
What are the prime factors of 2236?
2, 13, 43
What are the prime factors of 91764?
2, 3, 2549
List the prime factors of 1083.
3, 19
List the prime factors of 12040.
2, 5, 7, 43
What are the prime factors of 734?
2, 367
What are the prime factors of 62520?
2, 3, 5, 521
What are the prime factors of 92051?
92051
List the prime factors of 4425.
3, 5, 59
What are the prime factors of 16910?
2, 5, 19, 89
List the prime factors of 8823.
3, 17, 173
What are the prime factors of 77391?
3, 8599
List the prime factors of 6246.
2, 3, 347
List the prime factors of 198.
2, 3, 11
What are the prime factors of 37011?
3, 13, 73
List the prime factors of 8717.
23, 379
What are the prime factors of 6741?
3, 7, 107
What are the prime factors of 1215?
3, 5
List the prime factors of 65019.
3, 21673
List the prime factors of 9857.
9857
What are the prime factors of 378?
2, 3, 7
What are the prime factors of 1269?
3, 47
List the prime factors of 1671.
3, 557
What are the prime factors of 2007?
3, 223
List the prime factors of 8099.
7, 13, 89
What are the prime factors of 625?
5
What are the prime factors of 4301?
11, 17, 23
List the prime factors of